d 4670.
467
What is the greatest common factor of 2256 and 19840768?
752
Calculate the highest common divisor of 383268 and 696.
12
What is the greatest common divisor of 254752 and 2451?
19
Calculate the greatest common divisor of 1043537159 and 8029.
8029
What is the greatest common divisor of 43966635 and 10?
5
Calculate the highest common divisor of 61300 and 8119400.
100
Calculate the greatest common divisor of 6628180 and 500.
20
Calculate the greatest common factor of 315495995 and 10.
5
What is the highest common factor of 34387211 and 109?
109
What is the greatest common divisor of 489064636 and 1292?
1292
Calculate the greatest common factor of 3090 and 61162945.
515
What is the highest common divisor of 4094773 and 17?
17
What is the greatest common divisor of 4198859 and 49?
49
What is the highest common factor of 3015 and 431603481?
201
Calculate the highest common factor of 4437 and 120789.
9
Calculate the highest common factor of 43545 and 4608.
3
Calculate the highest common factor of 32103 and 131581874.
1189
Calculate the greatest common factor of 305155 and 1115.
5
Calculate the highest common divisor of 256044 and 65892.
228
Calculate the highest common divisor of 760344240 and 16776.
5592
What is the highest common divisor of 203 and 2223739?
7
What is the greatest common divisor of 159231588 and 8834?
1262
Calculate the greatest common factor of 374 and 209319606.
34
What is the greatest common divisor of 873285 and 545?
5
Calculate the greatest common factor of 138 and 188082.
6
Calculate the greatest common factor of 10448 and 12342353.
653
What is the highest common factor of 229007 and 8075?
323
What is the highest common divisor of 12120 and 2790024?
2424
What is the highest common factor of 441676 and 204?
4
Calculate the highest common factor of 3222719 and 454.
227
What is the greatest common divisor of 18580120 and 16640?
520
Calculate the greatest common divisor of 601217037 and 549.
549
Calculate the highest common factor of 114800 and 1367350.
2050
What is the greatest common divisor of 278466430 and 6490?
6490
What is the highest common divisor of 1684683 and 7371?
819
Calculate the highest common factor of 6 and 8938158.
6
What is the highest common factor of 92 and 336776?
4
Calculate the greatest common factor of 1224 and 12772440.
1224
What is the highest common factor of 7 and 7018991?
7
What is the highest common factor of 855555 and 11940?
15
What is the greatest common divisor of 29588181 and 105?
21
What is the greatest common divisor of 245000 and 2016?
56
Calculate the highest common divisor of 34355658 and 6.
6
Calculate the highest common factor of 1700 and 10434175.
425
Calculate the highest common divisor of 119077 and 952.
7
What is the greatest common divisor of 1599526 and 4175?
167
Calculate the highest common factor of 16200 and 852849.
81
Calculate the highest common factor of 30555 and 76455.
45
Calculate the highest common factor of 22980776 and 1183.
91
Calculate the greatest common divisor of 608 and 1653228.
76
What is the greatest common factor of 6386128 and 23408?
2128
Calculate the greatest common factor of 8827 and 222495.
91
Calculate the greatest common factor of 523864 and 44616.
88
Calculate the highest common factor of 364 and 865949.
7
What is the greatest common divisor of 165 and 16103274?
33
What is the greatest common divisor of 209049 and 73695?
51
Calculate the highest common divisor of 920 and 4781470.
230
Calculate the greatest common divisor of 97200405 and 3.
3
Calculate the highest common divisor of 64734586 and 196.
98
What is the highest common factor of 56544214 and 148?
74
Calculate the greatest common divisor of 911423 and 7968.
83
What is the greatest common factor of 609536 and 30464?
256
What is the highest common factor of 180591486 and 258?
258
Calculate the greatest common factor of 3059 and 3931689.
437
Calculate the highest common factor of 1996 and 492076375.
499
What is the greatest common divisor of 243 and 1654581897?
243
Calculate the greatest common factor of 517934516 and 352.
44
What is the highest common divisor of 16440 and 280330770?
4110
Calculate the greatest common factor of 12125875 and 500.
125
Calculate the greatest common divisor of 46 and 5002615.
23
Calculate the greatest common divisor of 81 and 6201954.
27
Calculate the highest common divisor of 11602 and 4772.
2
Calculate the highest common factor of 205504 and 144989.
247
What is the highest common factor of 3041520 and 11310?
870
Calculate the highest common factor of 289238309 and 36068.
9017
Calculate the highest common factor of 292 and 22605910.
146
What is the greatest common divisor of 5059011 and 1570?
157
Calculate the greatest common divisor of 83172303 and 81.
9
What is the greatest common divisor of 2001 and 14764074?
87
Calculate the highest common divisor of 4000 and 16672.
32
What is the highest common divisor of 49 and 46416818?
49
What is the highest common divisor of 9195018 and 26093?
97
Calculate the highest common factor of 32865 and 2302115.
1565
Calculate the greatest common divisor of 69335781 and 58.
29
Calculate the greatest common factor of 2613250 and 15725.
25
What is the highest common divisor of 607 and 281315971?
607
What is the greatest common factor of 1408332 and 780?
12
Calculate the highest common divisor of 1553514120 and 360.
360
Calculate the greatest common factor of 5953891 and 20624.
1289
Calculate the highest common divisor of 1440 and 194736.
48
What is the greatest common divisor of 3402686941 and 1117?
1117
What is the highest common factor of 3078 and 23070807?
171
What is the highest common divisor of 339858 and 191259?
711
What is the greatest common divisor of 17825822 and 21672?
602
What is the highest common divisor of 21700 and 125?
25
Calculate the highest common factor of 76020553 and 7.
7
Calculate the highest common divisor of 1794467 and 7979.
101
Calculate the highest common divisor of 10 and 478735.
5
What is the greatest common divisor of 276 and 1383243?
69
What is the greatest common divisor of 3152909 and 489?
163
What is the greatest common factor of 155 and 66386221?
31
Calculate the highest common factor of 298850 and 26525.
25
What is the greatest common factor of 4364185 and 2115?
235
What is the greatest common factor of 2436 and 8247948?
348
What is the highest common factor of 132176 and 31196?
44
Calculate the greatest common divisor of 37842 and 458609.
901
What is the highest common factor of 169917560 and 28520?
920
Calculate the highest common factor of 57171440 and 20.
20
What is the highest common divisor of 7943 and 27700907?
611
Calculate the highest common factor of 56 and 7544866.
14
What is the greatest common divisor of 85781773 and 231?
77
What is the highest common divisor of 21133635 and 5910?
15
What is the greatest common factor of 4725882 and 1050?
42
What is the highest common factor of 2291 and 1602989?
79
Calculate the highest common divisor of 8811 and 3394193.
979
Calculate the greatest common divisor of 13827 and 99525489.
1257
What is the greatest common divisor of 21093908 and 12298?
946
Calculate the highest common divisor of 1245006 and 781911.
369
What is the highest common divisor of 1391889 and 3?
3
What is the highest common factor of 5318602 and 3478?
74
Calculate the highest common factor of 9296 and 23618.
14
What is the greatest common factor of 915 and 53057007?
183
What is the greatest common factor of 9 and 27147681?
9
Calculate the greatest common divisor of 936859 and 44275.
1771
What is the greatest common factor of 208372 and 2929864?
452
Calculate the greatest common factor of 7730535 and 825.
15
What is the greatest common factor of 1912452 and 776?
388
Calculate the highest common divisor of 184038 and 25086.
222
Calculate the greatest common factor of 2287032 and 1320.
264
What is the highest common divisor of 195589358 and 3054?
1018
What is the highest common factor of 5712 and 228033036?
1428
What is the highest common divisor of 3980 and 173860?
20
What is the greatest common factor of 133342062 and 6?
6
Calculate the highest common divisor of 9 and 549663552.
9
Calculate the highest common factor of 48 and 56989698.
6
Calculate the highest common 